{"id":39,"date":"2021-04-06T17:11:16","date_gmt":"2021-04-06T17:11:16","guid":{"rendered":"https:\/\/geografiacriticaecuador.org\/justiciamigrante\/?page_id=39"},"modified":"2021-04-09T16:38:20","modified_gmt":"2021-04-09T16:38:20","slug":"2-expulsion-de-la-vivienda","status":"publish","type":"page","link":"https:\/\/geografiacriticaecuador.org\/justiciamigrante\/infografias\/2-expulsion-de-la-vivienda\/","title":{"rendered":"2. Expulsi\u00f3n de la vivienda"},"content":{"rendered":"\n<p>Infograf\u00eda que muestra c\u00f3mo las condiciones generadas por el empobrecimiento prepandemia y de la propia COVID-19 ha expulsado a mucha poblaci\u00f3n migrante de sus hogares.<\/p>\n\n\n\n<div class=\"wp-block-file\"><a href=\"https:\/\/geografiacriticaecuador.org\/justiciamigrante\/wp-content\/uploads\/2021\/04\/02-VIVIENDA.pdf\">\u00bfC\u00f3mo quedarse en casa si te echan de ella?<\/a><a href=\"https:\/\/geografiacriticaecuador.org\/justiciamigrante\/wp-content\/uploads\/2021\/04\/02-VIVIENDA.pdf\" class=\"wp-block-file__button\" download>Descarga PDF a gran tama\u00f1o<\/a><\/div>\n\n\n\n<figure class=\"wp-block-gallery columns-1 is-cropped wp-block-gallery-1 is-layout-flex wp-block-gallery-is-layout-flex\"><ul class=\"blocks-gallery-grid\"><li class=\"blocks-gallery-item\"><figure><a href=\"https:\/\/geografiacriticaecuador.org\/justiciamigrante\/wp-content\/uploads\/2021\/04\/1-1-scaled.jpg\"><img loading=\"lazy\" decoding=\"async\" width=\"819\" height=\"1024\" src=\"https:\/\/geografiacriticaecuador.org\/justiciamigrante\/wp-content\/uploads\/2021\/04\/1-1-819x1024.jpg\" alt=\"\" data-id=\"213\" data-full-url=\"https:\/\/geografiacriticaecuador.org\/justiciamigrante\/wp-content\/uploads\/2021\/04\/1-1-scaled.jpg\" data-link=\"https:\/\/geografiacriticaecuador.org\/justiciamigrante\/infografias\/2-expulsion-de-la-vivienda\/1-1\/\" class=\"wp-image-213\" srcset=\"https:\/\/geografiacriticaecuador.org\/justiciamigrante\/wp-content\/uploads\/2021\/04\/1-1-819x1024.jpg 819w, https:\/\/geografiacriticaecuador.org\/justiciamigrante\/wp-content\/uploads\/2021\/04\/1-1-240x300.jpg 240w, https:\/\/geografiacriticaecuador.org\/justiciamigrante\/wp-content\/uploads\/2021\/04\/1-1-768x960.jpg 768w, https:\/\/geografiacriticaecuador.org\/justiciamigrante\/wp-content\/uploads\/2021\/04\/1-1-1229x1536.jpg 1229w\" sizes=\"auto, (max-width: 819px) 100vw, 819px\" \/><\/a><\/figure><\/li><li class=\"blocks-gallery-item\"><figure><a href=\"https:\/\/geografiacriticaecuador.org\/justiciamigrante\/wp-content\/uploads\/2021\/04\/4-1-scaled.jpg\"><img loading=\"lazy\" decoding=\"async\" width=\"819\" height=\"1024\" src=\"https:\/\/geografiacriticaecuador.org\/justiciamigrante\/wp-content\/uploads\/2021\/04\/4-1-819x1024.jpg\" alt=\"\" data-id=\"214\" data-full-url=\"https:\/\/geografiacriticaecuador.org\/justiciamigrante\/wp-content\/uploads\/2021\/04\/4-1-scaled.jpg\" data-link=\"https:\/\/geografiacriticaecuador.org\/justiciamigrante\/infografias\/2-expulsion-de-la-vivienda\/4-1\/\" class=\"wp-image-214\" srcset=\"https:\/\/geografiacriticaecuador.org\/justiciamigrante\/wp-content\/uploads\/2021\/04\/4-1-819x1024.jpg 819w, https:\/\/geografiacriticaecuador.org\/justiciamigrante\/wp-content\/uploads\/2021\/04\/4-1-240x300.jpg 240w, https:\/\/geografiacriticaecuador.org\/justiciamigrante\/wp-content\/uploads\/2021\/04\/4-1-768x960.jpg 768w, https:\/\/geografiacriticaecuador.org\/justiciamigrante\/wp-content\/uploads\/2021\/04\/4-1-1229x1536.jpg 1229w\" sizes=\"auto, (max-width: 819px) 100vw, 819px\" \/><\/a><\/figure><\/li><li class=\"blocks-gallery-item\"><figure><a href=\"https:\/\/geografiacriticaecuador.org\/justiciamigrante\/wp-content\/uploads\/2021\/04\/3-1-scaled.jpg\"><img loading=\"lazy\" decoding=\"async\" width=\"819\" height=\"1024\" src=\"https:\/\/geografiacriticaecuador.org\/justiciamigrante\/wp-content\/uploads\/2021\/04\/3-1-819x1024.jpg\" alt=\"\" data-id=\"215\" data-full-url=\"https:\/\/geografiacriticaecuador.org\/justiciamigrante\/wp-content\/uploads\/2021\/04\/3-1-scaled.jpg\" data-link=\"https:\/\/geografiacriticaecuador.org\/justiciamigrante\/infografias\/2-expulsion-de-la-vivienda\/3-1\/\" class=\"wp-image-215\" srcset=\"https:\/\/geografiacriticaecuador.org\/justiciamigrante\/wp-content\/uploads\/2021\/04\/3-1-819x1024.jpg 819w, https:\/\/geografiacriticaecuador.org\/justiciamigrante\/wp-content\/uploads\/2021\/04\/3-1-240x300.jpg 240w, https:\/\/geografiacriticaecuador.org\/justiciamigrante\/wp-content\/uploads\/2021\/04\/3-1-768x960.jpg 768w, https:\/\/geografiacriticaecuador.org\/justiciamigrante\/wp-content\/uploads\/2021\/04\/3-1-1229x1536.jpg 1229w\" sizes=\"auto, (max-width: 819px) 100vw, 819px\" \/><\/a><\/figure><\/li><li class=\"blocks-gallery-item\"><figure><a href=\"https:\/\/geografiacriticaecuador.org\/justiciamigrante\/wp-content\/uploads\/2021\/04\/2-1-scaled.jpg\"><img loading=\"lazy\" decoding=\"async\" width=\"819\" height=\"1024\" src=\"https:\/\/geografiacriticaecuador.org\/justiciamigrante\/wp-content\/uploads\/2021\/04\/2-1-819x1024.jpg\" alt=\"\" data-id=\"216\" data-full-url=\"https:\/\/geografiacriticaecuador.org\/justiciamigrante\/wp-content\/uploads\/2021\/04\/2-1-scaled.jpg\" data-link=\"https:\/\/geografiacriticaecuador.org\/justiciamigrante\/infografias\/2-expulsion-de-la-vivienda\/2-1\/\" class=\"wp-image-216\" srcset=\"https:\/\/geografiacriticaecuador.org\/justiciamigrante\/wp-content\/uploads\/2021\/04\/2-1-819x1024.jpg 819w, https:\/\/geografiacriticaecuador.org\/justiciamigrante\/wp-content\/uploads\/2021\/04\/2-1-240x300.jpg 240w, https:\/\/geografiacriticaecuador.org\/justiciamigrante\/wp-content\/uploads\/2021\/04\/2-1-768x960.jpg 768w, https:\/\/geografiacriticaecuador.org\/justiciamigrante\/wp-content\/uploads\/2021\/04\/2-1-1229x1536.jpg 1229w\" sizes=\"auto, (max-width: 819px) 100vw, 819px\" \/><\/a><\/figure><\/li><\/ul><\/figure>\n","protected":false},"excerpt":{"rendered":"<p>Infograf\u00eda que muestra c\u00f3mo las condiciones generadas por el empobrecimiento prepandemia y de la propia<\/p>\n","protected":false},"author":1,"featured_media":0,"parent":11,"menu_order":2,"comment_status":"closed","ping_status":"closed","template":"","meta":{"nf_dc_page":"","footnotes":""},"class_list":["post-39","page","type-page","status-publish","hentry"],"_links":{"self":[{"href":"https:\/\/geografiacriticaecuador.org\/justiciamigrante\/wp-json\/wp\/v2\/pages\/39","targetHints":{"allow":["GET"]}}],"collection":[{"href":"https:\/\/geografiacriticaecuador.org\/justiciamigrante\/wp-json\/wp\/v2\/pages"}],"about":[{"href":"https:\/\/geografiacriticaecuador.org\/justiciamigrante\/wp-json\/wp\/v2\/types\/page"}],"author":[{"embeddable":true,"href":"https:\/\/geografiacriticaecuador.org\/justiciamigrante\/wp-json\/wp\/v2\/users\/1"}],"replies":[{"embeddable":true,"href":"https:\/\/geografiacriticaecuador.org\/justiciamigrante\/wp-json\/wp\/v2\/comments?post=39"}],"version-history":[{"count":5,"href":"https:\/\/geografiacriticaecuador.org\/justiciamigrante\/wp-json\/wp\/v2\/pages\/39\/revisions"}],"predecessor-version":[{"id":276,"href":"https:\/\/geografiacriticaecuador.org\/justiciamigrante\/wp-json\/wp\/v2\/pages\/39\/revisions\/276"}],"up":[{"embeddable":true,"href":"https:\/\/geografiacriticaecuador.org\/justiciamigrante\/wp-json\/wp\/v2\/pages\/11"}],"wp:attachment":[{"href":"https:\/\/geografiacriticaecuador.org\/justiciamigrante\/wp-json\/wp\/v2\/media?parent=39"}],"curies":[{"name":"wp","href":"https:\/\/api.w.org\/{rel}","templated":true}]}}

2. Expulsión de la vivienda

<p>Infografía que muestra cómo las condiciones generadas por el empobrecimiento prepandemia y de la propia COVID-19 ha expulsado a mucha población migrante de sus hogares.</p>



<div class="wp-block-file"><a href="https://geografiacriticaecuador.org/justiciamigrante/wp-content/uploads/2021/04/02-VIVIENDA.pdf">¿Cómo quedarse en casa si te echan de ella?</a><a href="https://geografiacriticaecuador.org/justiciamigrante/wp-content/uploads/2021/04/02-VIVIENDA.pdf" class="wp-block-file__button" download>Descarga PDF a gran tamaño</a></div>



<figure class="wp-block-gallery columns-1 is-cropped wp-block-gallery-1 is-layout-flex wp-block-gallery-is-layout-flex"><ul class="blocks-gallery-grid"><li class="blocks-gallery-item"><figure><a href="https://geografiacriticaecuador.org/justiciamigrante/wp-content/uploads/2021/04/1-1-scaled.jpg"><img loading="lazy" decoding="async" width="819" height="1024" src="https://geografiacriticaecuador.org/justiciamigrante/wp-content/uploads/2021/04/1-1-819x1024.jpg" alt="" data-id="213" data-full-url="https://geografiacriticaecuador.org/justiciamigrante/wp-content/uploads/2021/04/1-1-scaled.jpg" data-link="https://geografiacriticaecuador.org/justiciamigrante/infografias/2-expulsion-de-la-vivienda/1-1/" class="wp-image-213" srcset="https://geografiacriticaecuador.org/justiciamigrante/wp-content/uploads/2021/04/1-1-819x1024.jpg 819w, https://geografiacriticaecuador.org/justiciamigrante/wp-content/uploads/2021/04/1-1-240x300.jpg 240w, https://geografiacriticaecuador.org/justiciamigrante/wp-content/uploads/2021/04/1-1-768x960.jpg 768w, https://geografiacriticaecuador.org/justiciamigrante/wp-content/uploads/2021/04/1-1-1229x1536.jpg 1229w" sizes="auto, (max-width: 819px) 100vw, 819px" /></a></figure></li><li class="blocks-gallery-item"><figure><a href="https://geografiacriticaecuador.org/justiciamigrante/wp-content/uploads/2021/04/4-1-scaled.jpg"><img loading="lazy" decoding="async" width="819" height="1024" src="https://geografiacriticaecuador.org/justiciamigrante/wp-content/uploads/2021/04/4-1-819x1024.jpg" alt="" data-id="214" data-full-url="https://geografiacriticaecuador.org/justiciamigrante/wp-content/uploads/2021/04/4-1-scaled.jpg" data-link="https://geografiacriticaecuador.org/justiciamigrante/infografias/2-expulsion-de-la-vivienda/4-1/" class="wp-image-214" srcset="https://geografiacriticaecuador.org/justiciamigrante/wp-content/uploads/2021/04/4-1-819x1024.jpg 819w, https://geografiacriticaecuador.org/justiciamigrante/wp-content/uploads/2021/04/4-1-240x300.jpg 240w, https://geografiacriticaecuador.org/justiciamigrante/wp-content/uploads/2021/04/4-1-768x960.jpg 768w, https://geografiacriticaecuador.org/justiciamigrante/wp-content/uploads/2021/04/4-1-1229x1536.jpg 1229w" sizes="auto, (max-width: 819px) 100vw, 819px" /></a></figure></li><li class="blocks-gallery-item"><figure><a href="https://geografiacriticaecuador.org/justiciamigrante/wp-content/uploads/2021/04/3-1-scaled.jpg"><img loading="lazy" decoding="async" width="819" height="1024" src="https://geografiacriticaecuador.org/justiciamigrante/wp-content/uploads/2021/04/3-1-819x1024.jpg" alt="" data-id="215" data-full-url="https://geografiacriticaecuador.org/justiciamigrante/wp-content/uploads/2021/04/3-1-scaled.jpg" data-link="https://geografiacriticaecuador.org/justiciamigrante/infografias/2-expulsion-de-la-vivienda/3-1/" class="wp-image-215" srcset="https://geografiacriticaecuador.org/justiciamigrante/wp-content/uploads/2021/04/3-1-819x1024.jpg 819w, https://geografiacriticaecuador.org/justiciamigrante/wp-content/uploads/2021/04/3-1-240x300.jpg 240w, https://geografiacriticaecuador.org/justiciamigrante/wp-content/uploads/2021/04/3-1-768x960.jpg 768w, https://geografiacriticaecuador.org/justiciamigrante/wp-content/uploads/2021/04/3-1-1229x1536.jpg 1229w" sizes="auto, (max-width: 819px) 100vw, 819px" /></a></figure></li><li class="blocks-gallery-item"><figure><a href="https://geografiacriticaecuador.org/justiciamigrante/wp-content/uploads/2021/04/2-1-scaled.jpg"><img loading="lazy" decoding="async" width="819" height="1024" src="https://geografiacriticaecuador.org/justiciamigrante/wp-content/uploads/2021/04/2-1-819x1024.jpg" alt="" data-id="216" data-full-url="https://geografiacriticaecuador.org/justiciamigrante/wp-content/uploads/2021/04/2-1-scaled.jpg" data-link="https://geografiacriticaecuador.org/justiciamigrante/infografias/2-expulsion-de-la-vivienda/2-1/" class="wp-image-216" srcset="https://geografiacriticaecuador.org/justiciamigrante/wp-content/uploads/2021/04/2-1-819x1024.jpg 819w, https://geografiacriticaecuador.org/justiciamigrante/wp-content/uploads/2021/04/2-1-240x300.jpg 240w, https://geografiacriticaecuador.org/justiciamigrante/wp-content/uploads/2021/04/2-1-768x960.jpg 768w, https://geografiacriticaecuador.org/justiciamigrante/wp-content/uploads/2021/04/2-1-1229x1536.jpg 1229w" sizes="auto, (max-width: 819px) 100vw, 819px" /></a></figure></li></ul></figure>

<p>Infografía que muestra cómo las condiciones generadas por el empobrecimiento prepandemia y de la propia</p>
