{"id":41,"date":"2021-04-06T17:13:18","date_gmt":"2021-04-06T17:13:18","guid":{"rendered":"https:\/\/geografiacriticaecuador.org\/justiciamigrante\/?page_id=41"},"modified":"2021-04-09T16:39:57","modified_gmt":"2021-04-09T16:39:57","slug":"3-racismo-y-xenofobia","status":"publish","type":"page","link":"https:\/\/geografiacriticaecuador.org\/justiciamigrante\/infografias\/3-racismo-y-xenofobia\/","title":{"rendered":"3. Racismo y xenofobia"},"content":{"rendered":"\n<p>Infograf\u00eda sobre el racismo y xenofobia que sufre la poblaci\u00f3n en situaci\u00f3n de movilidad humana en Ecuador, durante la pandemia, ante la pregunta de si se considera que por .<\/p>\n\n\n\n<div class=\"wp-block-file\"><a href=\"https:\/\/geografiacriticaecuador.org\/justiciamigrante\/wp-content\/uploads\/2021\/04\/03-RACISMO-XENOFOBIA.pdf\">Racismo y xenofobia durante la pandemia<\/a><a href=\"https:\/\/geografiacriticaecuador.org\/justiciamigrante\/wp-content\/uploads\/2021\/04\/03-RACISMO-XENOFOBIA.pdf\" class=\"wp-block-file__button\" download>Descarga PDF a gran tama\u00f1o<\/a><\/div>\n\n\n\n<figure class=\"wp-block-gallery columns-1 is-cropped wp-block-gallery-1 is-layout-flex wp-block-gallery-is-layout-flex\"><ul class=\"blocks-gallery-grid\"><li class=\"blocks-gallery-item\"><figure><a href=\"https:\/\/geografiacriticaecuador.org\/justiciamigrante\/wp-content\/uploads\/2021\/04\/1c-1-scaled.jpg\"><img loading=\"lazy\" decoding=\"async\" width=\"819\" height=\"1024\" src=\"https:\/\/geografiacriticaecuador.org\/justiciamigrante\/wp-content\/uploads\/2021\/04\/1c-1-819x1024.jpg\" alt=\"\" data-id=\"238\" data-full-url=\"https:\/\/geografiacriticaecuador.org\/justiciamigrante\/wp-content\/uploads\/2021\/04\/1c-1-scaled.jpg\" data-link=\"https:\/\/geografiacriticaecuador.org\/justiciamigrante\/infografias\/3-racismo-y-xenofobia\/1c-1\/\" class=\"wp-image-238\" srcset=\"https:\/\/geografiacriticaecuador.org\/justiciamigrante\/wp-content\/uploads\/2021\/04\/1c-1-819x1024.jpg 819w, https:\/\/geografiacriticaecuador.org\/justiciamigrante\/wp-content\/uploads\/2021\/04\/1c-1-240x300.jpg 240w, https:\/\/geografiacriticaecuador.org\/justiciamigrante\/wp-content\/uploads\/2021\/04\/1c-1-768x960.jpg 768w, https:\/\/geografiacriticaecuador.org\/justiciamigrante\/wp-content\/uploads\/2021\/04\/1c-1-1229x1536.jpg 1229w\" sizes=\"auto, (max-width: 819px) 100vw, 819px\" \/><\/a><\/figure><\/li><li class=\"blocks-gallery-item\"><figure><a href=\"https:\/\/geografiacriticaecuador.org\/justiciamigrante\/wp-content\/uploads\/2021\/04\/2c-scaled.jpg\"><img loading=\"lazy\" decoding=\"async\" width=\"819\" height=\"1024\" src=\"https:\/\/geografiacriticaecuador.org\/justiciamigrante\/wp-content\/uploads\/2021\/04\/2c-819x1024.jpg\" alt=\"\" data-id=\"233\" data-full-url=\"https:\/\/geografiacriticaecuador.org\/justiciamigrante\/wp-content\/uploads\/2021\/04\/2c-scaled.jpg\" data-link=\"https:\/\/geografiacriticaecuador.org\/justiciamigrante\/infografias\/3-racismo-y-xenofobia\/2c\/\" class=\"wp-image-233\" srcset=\"https:\/\/geografiacriticaecuador.org\/justiciamigrante\/wp-content\/uploads\/2021\/04\/2c-819x1024.jpg 819w, https:\/\/geografiacriticaecuador.org\/justiciamigrante\/wp-content\/uploads\/2021\/04\/2c-240x300.jpg 240w, https:\/\/geografiacriticaecuador.org\/justiciamigrante\/wp-content\/uploads\/2021\/04\/2c-768x960.jpg 768w, https:\/\/geografiacriticaecuador.org\/justiciamigrante\/wp-content\/uploads\/2021\/04\/2c-1229x1536.jpg 1229w\" sizes=\"auto, (max-width: 819px) 100vw, 819px\" \/><\/a><\/figure><\/li><li class=\"blocks-gallery-item\"><figure><a href=\"https:\/\/geografiacriticaecuador.org\/justiciamigrante\/wp-content\/uploads\/2021\/04\/3c-scaled.jpg\"><img loading=\"lazy\" decoding=\"async\" width=\"819\" height=\"1024\" src=\"https:\/\/geografiacriticaecuador.org\/justiciamigrante\/wp-content\/uploads\/2021\/04\/3c-819x1024.jpg\" alt=\"\" data-id=\"235\" data-full-url=\"https:\/\/geografiacriticaecuador.org\/justiciamigrante\/wp-content\/uploads\/2021\/04\/3c-scaled.jpg\" data-link=\"https:\/\/geografiacriticaecuador.org\/justiciamigrante\/infografias\/3-racismo-y-xenofobia\/3c\/\" class=\"wp-image-235\" srcset=\"https:\/\/geografiacriticaecuador.org\/justiciamigrante\/wp-content\/uploads\/2021\/04\/3c-819x1024.jpg 819w, https:\/\/geografiacriticaecuador.org\/justiciamigrante\/wp-content\/uploads\/2021\/04\/3c-240x300.jpg 240w, https:\/\/geografiacriticaecuador.org\/justiciamigrante\/wp-content\/uploads\/2021\/04\/3c-768x960.jpg 768w, https:\/\/geografiacriticaecuador.org\/justiciamigrante\/wp-content\/uploads\/2021\/04\/3c-1229x1536.jpg 1229w\" sizes=\"auto, (max-width: 819px) 100vw, 819px\" \/><\/a><\/figure><\/li><\/ul><\/figure>\n","protected":false},"excerpt":{"rendered":"<p>Infograf\u00eda sobre el racismo y xenofobia que sufre la poblaci\u00f3n en situaci\u00f3n de movilidad humana<\/p>\n","protected":false},"author":1,"featured_media":0,"parent":11,"menu_order":3,"comment_status":"closed","ping_status":"closed","template":"","meta":{"nf_dc_page":"","footnotes":""},"class_list":["post-41","page","type-page","status-publish","hentry"],"_links":{"self":[{"href":"https:\/\/geografiacriticaecuador.org\/justiciamigrante\/wp-json\/wp\/v2\/pages\/41","targetHints":{"allow":["GET"]}}],"collection":[{"href":"https:\/\/geografiacriticaecuador.org\/justiciamigrante\/wp-json\/wp\/v2\/pages"}],"about":[{"href":"https:\/\/geografiacriticaecuador.org\/justiciamigrante\/wp-json\/wp\/v2\/types\/page"}],"author":[{"embeddable":true,"href":"https:\/\/geografiacriticaecuador.org\/justiciamigrante\/wp-json\/wp\/v2\/users\/1"}],"replies":[{"embeddable":true,"href":"https:\/\/geografiacriticaecuador.org\/justiciamigrante\/wp-json\/wp\/v2\/comments?post=41"}],"version-history":[{"count":8,"href":"https:\/\/geografiacriticaecuador.org\/justiciamigrante\/wp-json\/wp\/v2\/pages\/41\/revisions"}],"predecessor-version":[{"id":278,"href":"https:\/\/geografiacriticaecuador.org\/justiciamigrante\/wp-json\/wp\/v2\/pages\/41\/revisions\/278"}],"up":[{"embeddable":true,"href":"https:\/\/geografiacriticaecuador.org\/justiciamigrante\/wp-json\/wp\/v2\/pages\/11"}],"wp:attachment":[{"href":"https:\/\/geografiacriticaecuador.org\/justiciamigrante\/wp-json\/wp\/v2\/media?parent=41"}],"curies":[{"name":"wp","href":"https:\/\/api.w.org\/{rel}","templated":true}]}}

<p>Infografía sobre el racismo y xenofobia que sufre la población en situación de movilidad humana en Ecuador, durante la pandemia, ante la pregunta de si se considera que por .</p>



<div class="wp-block-file"><a href="https://geografiacriticaecuador.org/justiciamigrante/wp-content/uploads/2021/04/03-RACISMO-XENOFOBIA.pdf">Racismo y xenofobia durante la pandemia</a><a href="https://geografiacriticaecuador.org/justiciamigrante/wp-content/uploads/2021/04/03-RACISMO-XENOFOBIA.pdf" class="wp-block-file__button" download>Descarga PDF a gran tamaño</a></div>



<figure class="wp-block-gallery columns-1 is-cropped wp-block-gallery-1 is-layout-flex wp-block-gallery-is-layout-flex"><ul class="blocks-gallery-grid"><li class="blocks-gallery-item"><figure><a href="https://geografiacriticaecuador.org/justiciamigrante/wp-content/uploads/2021/04/1c-1-scaled.jpg"><img loading="lazy" decoding="async" width="819" height="1024" src="https://geografiacriticaecuador.org/justiciamigrante/wp-content/uploads/2021/04/1c-1-819x1024.jpg" alt="" data-id="238" data-full-url="https://geografiacriticaecuador.org/justiciamigrante/wp-content/uploads/2021/04/1c-1-scaled.jpg" data-link="https://geografiacriticaecuador.org/justiciamigrante/infografias/3-racismo-y-xenofobia/1c-1/" class="wp-image-238" srcset="https://geografiacriticaecuador.org/justiciamigrante/wp-content/uploads/2021/04/1c-1-819x1024.jpg 819w, https://geografiacriticaecuador.org/justiciamigrante/wp-content/uploads/2021/04/1c-1-240x300.jpg 240w, https://geografiacriticaecuador.org/justiciamigrante/wp-content/uploads/2021/04/1c-1-768x960.jpg 768w, https://geografiacriticaecuador.org/justiciamigrante/wp-content/uploads/2021/04/1c-1-1229x1536.jpg 1229w" sizes="auto, (max-width: 819px) 100vw, 819px" /></a></figure></li><li class="blocks-gallery-item"><figure><a href="https://geografiacriticaecuador.org/justiciamigrante/wp-content/uploads/2021/04/2c-scaled.jpg"><img loading="lazy" decoding="async" width="819" height="1024" src="https://geografiacriticaecuador.org/justiciamigrante/wp-content/uploads/2021/04/2c-819x1024.jpg" alt="" data-id="233" data-full-url="https://geografiacriticaecuador.org/justiciamigrante/wp-content/uploads/2021/04/2c-scaled.jpg" data-link="https://geografiacriticaecuador.org/justiciamigrante/infografias/3-racismo-y-xenofobia/2c/" class="wp-image-233" srcset="https://geografiacriticaecuador.org/justiciamigrante/wp-content/uploads/2021/04/2c-819x1024.jpg 819w, https://geografiacriticaecuador.org/justiciamigrante/wp-content/uploads/2021/04/2c-240x300.jpg 240w, https://geografiacriticaecuador.org/justiciamigrante/wp-content/uploads/2021/04/2c-768x960.jpg 768w, https://geografiacriticaecuador.org/justiciamigrante/wp-content/uploads/2021/04/2c-1229x1536.jpg 1229w" sizes="auto, (max-width: 819px) 100vw, 819px" /></a></figure></li><li class="blocks-gallery-item"><figure><a href="https://geografiacriticaecuador.org/justiciamigrante/wp-content/uploads/2021/04/3c-scaled.jpg"><img loading="lazy" decoding="async" width="819" height="1024" src="https://geografiacriticaecuador.org/justiciamigrante/wp-content/uploads/2021/04/3c-819x1024.jpg" alt="" data-id="235" data-full-url="https://geografiacriticaecuador.org/justiciamigrante/wp-content/uploads/2021/04/3c-scaled.jpg" data-link="https://geografiacriticaecuador.org/justiciamigrante/infografias/3-racismo-y-xenofobia/3c/" class="wp-image-235" srcset="https://geografiacriticaecuador.org/justiciamigrante/wp-content/uploads/2021/04/3c-819x1024.jpg 819w, https://geografiacriticaecuador.org/justiciamigrante/wp-content/uploads/2021/04/3c-240x300.jpg 240w, https://geografiacriticaecuador.org/justiciamigrante/wp-content/uploads/2021/04/3c-768x960.jpg 768w, https://geografiacriticaecuador.org/justiciamigrante/wp-content/uploads/2021/04/3c-1229x1536.jpg 1229w" sizes="auto, (max-width: 819px) 100vw, 819px" /></a></figure></li></ul></figure>

<p>Infografía sobre el racismo y xenofobia que sufre la población en situación de movilidad humana</p>
