{"id":47,"date":"2021-04-06T17:15:18","date_gmt":"2021-04-06T17:15:18","guid":{"rendered":"https:\/\/geografiacriticaecuador.org\/justiciamigrante\/?page_id=47"},"modified":"2021-04-09T17:02:05","modified_gmt":"2021-04-09T17:02:05","slug":"7-ser-mujer-y-migrante","status":"publish","type":"page","link":"https:\/\/geografiacriticaecuador.org\/justiciamigrante\/infografias\/7-ser-mujer-y-migrante\/","title":{"rendered":"7. Ser mujer y migrante"},"content":{"rendered":"\n<p>Infograf\u00eda que muestra c\u00f3mo los datos de la encuesta develan que la pandemia ha sido m\u00e1s dura con las mujeres migrantes en los diferentes indicadores.<\/p>\n\n\n\n<div class=\"wp-block-file\"><a href=\"https:\/\/geografiacriticaecuador.org\/justiciamigrante\/wp-content\/uploads\/2021\/04\/07-GENERO.pdf\">Ser mujer migrante en tiempos de pandemia<\/a><a href=\"https:\/\/geografiacriticaecuador.org\/justiciamigrante\/wp-content\/uploads\/2021\/04\/07-GENERO.pdf\" class=\"wp-block-file__button\" download>Descarga PDF a gran tama\u00f1o<\/a><\/div>\n\n\n\n<figure class=\"wp-block-gallery columns-1 is-cropped wp-block-gallery-1 is-layout-flex wp-block-gallery-is-layout-flex\"><ul class=\"blocks-gallery-grid\"><li class=\"blocks-gallery-item\"><figure><a href=\"https:\/\/geografiacriticaecuador.org\/justiciamigrante\/wp-content\/uploads\/2021\/04\/1-6-scaled.jpg\"><img loading=\"lazy\" decoding=\"async\" width=\"819\" height=\"1024\" src=\"https:\/\/geografiacriticaecuador.org\/justiciamigrante\/wp-content\/uploads\/2021\/04\/1-6-819x1024.jpg\" alt=\"\" data-id=\"283\" data-full-url=\"https:\/\/geografiacriticaecuador.org\/justiciamigrante\/wp-content\/uploads\/2021\/04\/1-6-scaled.jpg\" data-link=\"https:\/\/geografiacriticaecuador.org\/justiciamigrante\/1-6\/\" class=\"wp-image-283\" srcset=\"https:\/\/geografiacriticaecuador.org\/justiciamigrante\/wp-content\/uploads\/2021\/04\/1-6-819x1024.jpg 819w, https:\/\/geografiacriticaecuador.org\/justiciamigrante\/wp-content\/uploads\/2021\/04\/1-6-240x300.jpg 240w, https:\/\/geografiacriticaecuador.org\/justiciamigrante\/wp-content\/uploads\/2021\/04\/1-6-768x960.jpg 768w, https:\/\/geografiacriticaecuador.org\/justiciamigrante\/wp-content\/uploads\/2021\/04\/1-6-1229x1536.jpg 1229w, https:\/\/geografiacriticaecuador.org\/justiciamigrante\/wp-content\/uploads\/2021\/04\/1-6-1639x2048.jpg 1639w, https:\/\/geografiacriticaecuador.org\/justiciamigrante\/wp-content\/uploads\/2021\/04\/1-6-1024x1280.jpg 1024w\" sizes=\"auto, (max-width: 819px) 100vw, 819px\" \/><\/a><\/figure><\/li><li class=\"blocks-gallery-item\"><figure><a href=\"https:\/\/geografiacriticaecuador.org\/justiciamigrante\/wp-content\/uploads\/2021\/04\/2-8-scaled.jpg\"><img loading=\"lazy\" decoding=\"async\" width=\"819\" height=\"1024\" src=\"https:\/\/geografiacriticaecuador.org\/justiciamigrante\/wp-content\/uploads\/2021\/04\/2-8-819x1024.jpg\" alt=\"\" data-id=\"298\" data-full-url=\"https:\/\/geografiacriticaecuador.org\/justiciamigrante\/wp-content\/uploads\/2021\/04\/2-8-scaled.jpg\" data-link=\"https:\/\/geografiacriticaecuador.org\/justiciamigrante\/infografias\/7-ser-mujer-y-migrante\/2-8\/\" class=\"wp-image-298\" srcset=\"https:\/\/geografiacriticaecuador.org\/justiciamigrante\/wp-content\/uploads\/2021\/04\/2-8-819x1024.jpg 819w, https:\/\/geografiacriticaecuador.org\/justiciamigrante\/wp-content\/uploads\/2021\/04\/2-8-240x300.jpg 240w, https:\/\/geografiacriticaecuador.org\/justiciamigrante\/wp-content\/uploads\/2021\/04\/2-8-768x960.jpg 768w, https:\/\/geografiacriticaecuador.org\/justiciamigrante\/wp-content\/uploads\/2021\/04\/2-8-1229x1536.jpg 1229w, https:\/\/geografiacriticaecuador.org\/justiciamigrante\/wp-content\/uploads\/2021\/04\/2-8-1639x2048.jpg 1639w, https:\/\/geografiacriticaecuador.org\/justiciamigrante\/wp-content\/uploads\/2021\/04\/2-8-1024x1280.jpg 1024w\" sizes=\"auto, (max-width: 819px) 100vw, 819px\" \/><\/a><\/figure><\/li><li class=\"blocks-gallery-item\"><figure><a href=\"https:\/\/geografiacriticaecuador.org\/justiciamigrante\/wp-content\/uploads\/2021\/04\/3-9-scaled.jpg\"><img loading=\"lazy\" decoding=\"async\" width=\"819\" height=\"1024\" src=\"https:\/\/geografiacriticaecuador.org\/justiciamigrante\/wp-content\/uploads\/2021\/04\/3-9-819x1024.jpg\" alt=\"\" data-id=\"300\" data-full-url=\"https:\/\/geografiacriticaecuador.org\/justiciamigrante\/wp-content\/uploads\/2021\/04\/3-9-scaled.jpg\" data-link=\"https:\/\/geografiacriticaecuador.org\/justiciamigrante\/infografias\/7-ser-mujer-y-migrante\/3-8\/\" class=\"wp-image-300\" srcset=\"https:\/\/geografiacriticaecuador.org\/justiciamigrante\/wp-content\/uploads\/2021\/04\/3-9-819x1024.jpg 819w, https:\/\/geografiacriticaecuador.org\/justiciamigrante\/wp-content\/uploads\/2021\/04\/3-9-240x300.jpg 240w, https:\/\/geografiacriticaecuador.org\/justiciamigrante\/wp-content\/uploads\/2021\/04\/3-9-768x960.jpg 768w, https:\/\/geografiacriticaecuador.org\/justiciamigrante\/wp-content\/uploads\/2021\/04\/3-9-1229x1536.jpg 1229w, https:\/\/geografiacriticaecuador.org\/justiciamigrante\/wp-content\/uploads\/2021\/04\/3-9-1639x2048.jpg 1639w, https:\/\/geografiacriticaecuador.org\/justiciamigrante\/wp-content\/uploads\/2021\/04\/3-9-1024x1280.jpg 1024w\" sizes=\"auto, (max-width: 819px) 100vw, 819px\" \/><\/a><\/figure><\/li><li class=\"blocks-gallery-item\"><figure><a href=\"https:\/\/geografiacriticaecuador.org\/justiciamigrante\/wp-content\/uploads\/2021\/04\/4-5-scaled.jpg\"><img loading=\"lazy\" decoding=\"async\" width=\"819\" height=\"1024\" src=\"https:\/\/geografiacriticaecuador.org\/justiciamigrante\/wp-content\/uploads\/2021\/04\/4-5-819x1024.jpg\" alt=\"\" data-id=\"287\" data-full-url=\"https:\/\/geografiacriticaecuador.org\/justiciamigrante\/wp-content\/uploads\/2021\/04\/4-5-scaled.jpg\" data-link=\"https:\/\/geografiacriticaecuador.org\/justiciamigrante\/4-5\/\" class=\"wp-image-287\" srcset=\"https:\/\/geografiacriticaecuador.org\/justiciamigrante\/wp-content\/uploads\/2021\/04\/4-5-819x1024.jpg 819w, https:\/\/geografiacriticaecuador.org\/justiciamigrante\/wp-content\/uploads\/2021\/04\/4-5-240x300.jpg 240w, https:\/\/geografiacriticaecuador.org\/justiciamigrante\/wp-content\/uploads\/2021\/04\/4-5-768x960.jpg 768w, https:\/\/geografiacriticaecuador.org\/justiciamigrante\/wp-content\/uploads\/2021\/04\/4-5-1229x1536.jpg 1229w, https:\/\/geografiacriticaecuador.org\/justiciamigrante\/wp-content\/uploads\/2021\/04\/4-5-1639x2048.jpg 1639w, https:\/\/geografiacriticaecuador.org\/justiciamigrante\/wp-content\/uploads\/2021\/04\/4-5-1024x1280.jpg 1024w\" sizes=\"auto, (max-width: 819px) 100vw, 819px\" \/><\/a><\/figure><\/li><\/ul><\/figure>\n","protected":false},"excerpt":{"rendered":"<p>Infograf\u00eda que muestra c\u00f3mo los datos de la encuesta develan que la pandemia ha sido<\/p>\n","protected":false},"author":1,"featured_media":0,"parent":11,"menu_order":7,"comment_status":"closed","ping_status":"closed","template":"","meta":{"nf_dc_page":"","footnotes":""},"class_list":["post-47","page","type-page","status-publish","hentry"],"_links":{"self":[{"href":"https:\/\/geografiacriticaecuador.org\/justiciamigrante\/wp-json\/wp\/v2\/pages\/47","targetHints":{"allow":["GET"]}}],"collection":[{"href":"https:\/\/geografiacriticaecuador.org\/justiciamigrante\/wp-json\/wp\/v2\/pages"}],"about":[{"href":"https:\/\/geografiacriticaecuador.org\/justiciamigrante\/wp-json\/wp\/v2\/types\/page"}],"author":[{"embeddable":true,"href":"https:\/\/geografiacriticaecuador.org\/justiciamigrante\/wp-json\/wp\/v2\/users\/1"}],"replies":[{"embeddable":true,"href":"https:\/\/geografiacriticaecuador.org\/justiciamigrante\/wp-json\/wp\/v2\/comments?post=47"}],"version-history":[{"count":5,"href":"https:\/\/geografiacriticaecuador.org\/justiciamigrante\/wp-json\/wp\/v2\/pages\/47\/revisions"}],"predecessor-version":[{"id":301,"href":"https:\/\/geografiacriticaecuador.org\/justiciamigrante\/wp-json\/wp\/v2\/pages\/47\/revisions\/301"}],"up":[{"embeddable":true,"href":"https:\/\/geografiacriticaecuador.org\/justiciamigrante\/wp-json\/wp\/v2\/pages\/11"}],"wp:attachment":[{"href":"https:\/\/geografiacriticaecuador.org\/justiciamigrante\/wp-json\/wp\/v2\/media?parent=47"}],"curies":[{"name":"wp","href":"https:\/\/api.w.org\/{rel}","templated":true}]}}

<p>Infografía que muestra cómo los datos de la encuesta develan que la pandemia ha sido más dura con las mujeres migrantes en los diferentes indicadores.</p>



<div class="wp-block-file"><a href="https://geografiacriticaecuador.org/justiciamigrante/wp-content/uploads/2021/04/07-GENERO.pdf">Ser mujer migrante en tiempos de pandemia</a><a href="https://geografiacriticaecuador.org/justiciamigrante/wp-content/uploads/2021/04/07-GENERO.pdf" class="wp-block-file__button" download>Descarga PDF a gran tamaño</a></div>



<figure class="wp-block-gallery columns-1 is-cropped wp-block-gallery-1 is-layout-flex wp-block-gallery-is-layout-flex"><ul class="blocks-gallery-grid"><li class="blocks-gallery-item"><figure><a href="https://geografiacriticaecuador.org/justiciamigrante/wp-content/uploads/2021/04/1-6-scaled.jpg"><img loading="lazy" decoding="async" width="819" height="1024" src="https://geografiacriticaecuador.org/justiciamigrante/wp-content/uploads/2021/04/1-6-819x1024.jpg" alt="" data-id="283" data-full-url="https://geografiacriticaecuador.org/justiciamigrante/wp-content/uploads/2021/04/1-6-scaled.jpg" data-link="https://geografiacriticaecuador.org/justiciamigrante/1-6/" class="wp-image-283" srcset="https://geografiacriticaecuador.org/justiciamigrante/wp-content/uploads/2021/04/1-6-819x1024.jpg 819w, https://geografiacriticaecuador.org/justiciamigrante/wp-content/uploads/2021/04/1-6-240x300.jpg 240w, https://geografiacriticaecuador.org/justiciamigrante/wp-content/uploads/2021/04/1-6-768x960.jpg 768w, https://geografiacriticaecuador.org/justiciamigrante/wp-content/uploads/2021/04/1-6-1229x1536.jpg 1229w, https://geografiacriticaecuador.org/justiciamigrante/wp-content/uploads/2021/04/1-6-1639x2048.jpg 1639w, https://geografiacriticaecuador.org/justiciamigrante/wp-content/uploads/2021/04/1-6-1024x1280.jpg 1024w" sizes="auto, (max-width: 819px) 100vw, 819px" /></a></figure></li><li class="blocks-gallery-item"><figure><a href="https://geografiacriticaecuador.org/justiciamigrante/wp-content/uploads/2021/04/2-8-scaled.jpg"><img loading="lazy" decoding="async" width="819" height="1024" src="https://geografiacriticaecuador.org/justiciamigrante/wp-content/uploads/2021/04/2-8-819x1024.jpg" alt="" data-id="298" data-full-url="https://geografiacriticaecuador.org/justiciamigrante/wp-content/uploads/2021/04/2-8-scaled.jpg" data-link="https://geografiacriticaecuador.org/justiciamigrante/infografias/7-ser-mujer-y-migrante/2-8/" class="wp-image-298" srcset="https://geografiacriticaecuador.org/justiciamigrante/wp-content/uploads/2021/04/2-8-819x1024.jpg 819w, https://geografiacriticaecuador.org/justiciamigrante/wp-content/uploads/2021/04/2-8-240x300.jpg 240w, https://geografiacriticaecuador.org/justiciamigrante/wp-content/uploads/2021/04/2-8-768x960.jpg 768w, https://geografiacriticaecuador.org/justiciamigrante/wp-content/uploads/2021/04/2-8-1229x1536.jpg 1229w, https://geografiacriticaecuador.org/justiciamigrante/wp-content/uploads/2021/04/2-8-1639x2048.jpg 1639w, https://geografiacriticaecuador.org/justiciamigrante/wp-content/uploads/2021/04/2-8-1024x1280.jpg 1024w" sizes="auto, (max-width: 819px) 100vw, 819px" /></a></figure></li><li class="blocks-gallery-item"><figure><a href="https://geografiacriticaecuador.org/justiciamigrante/wp-content/uploads/2021/04/3-9-scaled.jpg"><img loading="lazy" decoding="async" width="819" height="1024" src="https://geografiacriticaecuador.org/justiciamigrante/wp-content/uploads/2021/04/3-9-819x1024.jpg" alt="" data-id="300" data-full-url="https://geografiacriticaecuador.org/justiciamigrante/wp-content/uploads/2021/04/3-9-scaled.jpg" data-link="https://geografiacriticaecuador.org/justiciamigrante/infografias/7-ser-mujer-y-migrante/3-8/" class="wp-image-300" srcset="https://geografiacriticaecuador.org/justiciamigrante/wp-content/uploads/2021/04/3-9-819x1024.jpg 819w, https://geografiacriticaecuador.org/justiciamigrante/wp-content/uploads/2021/04/3-9-240x300.jpg 240w, https://geografiacriticaecuador.org/justiciamigrante/wp-content/uploads/2021/04/3-9-768x960.jpg 768w, https://geografiacriticaecuador.org/justiciamigrante/wp-content/uploads/2021/04/3-9-1229x1536.jpg 1229w, https://geografiacriticaecuador.org/justiciamigrante/wp-content/uploads/2021/04/3-9-1639x2048.jpg 1639w, https://geografiacriticaecuador.org/justiciamigrante/wp-content/uploads/2021/04/3-9-1024x1280.jpg 1024w" sizes="auto, (max-width: 819px) 100vw, 819px" /></a></figure></li><li class="blocks-gallery-item"><figure><a href="https://geografiacriticaecuador.org/justiciamigrante/wp-content/uploads/2021/04/4-5-scaled.jpg"><img loading="lazy" decoding="async" width="819" height="1024" src="https://geografiacriticaecuador.org/justiciamigrante/wp-content/uploads/2021/04/4-5-819x1024.jpg" alt="" data-id="287" data-full-url="https://geografiacriticaecuador.org/justiciamigrante/wp-content/uploads/2021/04/4-5-scaled.jpg" data-link="https://geografiacriticaecuador.org/justiciamigrante/4-5/" class="wp-image-287" srcset="https://geografiacriticaecuador.org/justiciamigrante/wp-content/uploads/2021/04/4-5-819x1024.jpg 819w, https://geografiacriticaecuador.org/justiciamigrante/wp-content/uploads/2021/04/4-5-240x300.jpg 240w, https://geografiacriticaecuador.org/justiciamigrante/wp-content/uploads/2021/04/4-5-768x960.jpg 768w, https://geografiacriticaecuador.org/justiciamigrante/wp-content/uploads/2021/04/4-5-1229x1536.jpg 1229w, https://geografiacriticaecuador.org/justiciamigrante/wp-content/uploads/2021/04/4-5-1639x2048.jpg 1639w, https://geografiacriticaecuador.org/justiciamigrante/wp-content/uploads/2021/04/4-5-1024x1280.jpg 1024w" sizes="auto, (max-width: 819px) 100vw, 819px" /></a></figure></li></ul></figure>

<p>Infografía que muestra cómo los datos de la encuesta develan que la pandemia ha sido</p>
