{"id":51,"date":"2021-04-06T17:16:54","date_gmt":"2021-04-06T17:16:54","guid":{"rendered":"https:\/\/geografiacriticaecuador.org\/justiciamigrante\/?page_id=51"},"modified":"2021-04-09T16:50:38","modified_gmt":"2021-04-09T16:50:38","slug":"5-salud-en-pandemia","status":"publish","type":"page","link":"https:\/\/geografiacriticaecuador.org\/justiciamigrante\/infografias\/5-salud-en-pandemia\/","title":{"rendered":"5. Salud en pandemia"},"content":{"rendered":"\n<p>Infograf\u00eda que muestra c\u00f3mo el acceso a la salud se ha deteriorado para la poblaci\u00f3n en situaci\u00f3n de movilidad humana durante la pandemia.<\/p>\n\n\n\n<div class=\"wp-block-file\"><a href=\"https:\/\/geografiacriticaecuador.org\/justiciamigrante\/wp-content\/uploads\/2021\/04\/05-SALUD.pdf\">Salud discriminada que se agrava en la pandemia<\/a><a href=\"https:\/\/geografiacriticaecuador.org\/justiciamigrante\/wp-content\/uploads\/2021\/04\/05-SALUD.pdf\" class=\"wp-block-file__button\" download>Descarga PDF a gran tama\u00f1o<\/a><\/div>\n\n\n\n<figure class=\"wp-block-gallery columns-1 is-cropped wp-block-gallery-1 is-layout-flex wp-block-gallery-is-layout-flex\"><ul class=\"blocks-gallery-grid\"><li class=\"blocks-gallery-item\"><figure><a href=\"https:\/\/geografiacriticaecuador.org\/justiciamigrante\/wp-content\/uploads\/2021\/04\/1-4-scaled.jpg\"><img loading=\"lazy\" decoding=\"async\" width=\"819\" height=\"1024\" src=\"https:\/\/geografiacriticaecuador.org\/justiciamigrante\/wp-content\/uploads\/2021\/04\/1-4-819x1024.jpg\" alt=\"\" data-id=\"248\" data-full-url=\"https:\/\/geografiacriticaecuador.org\/justiciamigrante\/wp-content\/uploads\/2021\/04\/1-4-scaled.jpg\" data-link=\"https:\/\/geografiacriticaecuador.org\/justiciamigrante\/1-4\/\" class=\"wp-image-248\" srcset=\"https:\/\/geografiacriticaecuador.org\/justiciamigrante\/wp-content\/uploads\/2021\/04\/1-4-819x1024.jpg 819w, https:\/\/geografiacriticaecuador.org\/justiciamigrante\/wp-content\/uploads\/2021\/04\/1-4-240x300.jpg 240w, https:\/\/geografiacriticaecuador.org\/justiciamigrante\/wp-content\/uploads\/2021\/04\/1-4-768x960.jpg 768w, https:\/\/geografiacriticaecuador.org\/justiciamigrante\/wp-content\/uploads\/2021\/04\/1-4-1229x1536.jpg 1229w, https:\/\/geografiacriticaecuador.org\/justiciamigrante\/wp-content\/uploads\/2021\/04\/1-4-scaled.jpg 2048w\" sizes=\"auto, (max-width: 819px) 100vw, 819px\" \/><\/a><\/figure><\/li><li class=\"blocks-gallery-item\"><figure><a href=\"https:\/\/geografiacriticaecuador.org\/justiciamigrante\/wp-content\/uploads\/2021\/04\/2-4-scaled.jpg\"><img loading=\"lazy\" decoding=\"async\" width=\"819\" height=\"1024\" src=\"https:\/\/geografiacriticaecuador.org\/justiciamigrante\/wp-content\/uploads\/2021\/04\/2-4-819x1024.jpg\" alt=\"\" data-id=\"249\" data-full-url=\"https:\/\/geografiacriticaecuador.org\/justiciamigrante\/wp-content\/uploads\/2021\/04\/2-4-scaled.jpg\" data-link=\"https:\/\/geografiacriticaecuador.org\/justiciamigrante\/2-4\/\" class=\"wp-image-249\" srcset=\"https:\/\/geografiacriticaecuador.org\/justiciamigrante\/wp-content\/uploads\/2021\/04\/2-4-819x1024.jpg 819w, https:\/\/geografiacriticaecuador.org\/justiciamigrante\/wp-content\/uploads\/2021\/04\/2-4-240x300.jpg 240w, https:\/\/geografiacriticaecuador.org\/justiciamigrante\/wp-content\/uploads\/2021\/04\/2-4-768x960.jpg 768w, https:\/\/geografiacriticaecuador.org\/justiciamigrante\/wp-content\/uploads\/2021\/04\/2-4-1229x1536.jpg 1229w, https:\/\/geografiacriticaecuador.org\/justiciamigrante\/wp-content\/uploads\/2021\/04\/2-4-scaled.jpg 2048w\" sizes=\"auto, (max-width: 819px) 100vw, 819px\" \/><\/a><\/figure><\/li><li class=\"blocks-gallery-item\"><figure><a href=\"https:\/\/geografiacriticaecuador.org\/justiciamigrante\/wp-content\/uploads\/2021\/04\/3-4-scaled.jpg\"><img loading=\"lazy\" decoding=\"async\" width=\"819\" height=\"1024\" src=\"https:\/\/geografiacriticaecuador.org\/justiciamigrante\/wp-content\/uploads\/2021\/04\/3-4-819x1024.jpg\" alt=\"\" data-id=\"250\" data-full-url=\"https:\/\/geografiacriticaecuador.org\/justiciamigrante\/wp-content\/uploads\/2021\/04\/3-4-scaled.jpg\" data-link=\"https:\/\/geografiacriticaecuador.org\/justiciamigrante\/3-3\/\" class=\"wp-image-250\" srcset=\"https:\/\/geografiacriticaecuador.org\/justiciamigrante\/wp-content\/uploads\/2021\/04\/3-4-819x1024.jpg 819w, https:\/\/geografiacriticaecuador.org\/justiciamigrante\/wp-content\/uploads\/2021\/04\/3-4-240x300.jpg 240w, https:\/\/geografiacriticaecuador.org\/justiciamigrante\/wp-content\/uploads\/2021\/04\/3-4-768x960.jpg 768w, https:\/\/geografiacriticaecuador.org\/justiciamigrante\/wp-content\/uploads\/2021\/04\/3-4-1229x1536.jpg 1229w, https:\/\/geografiacriticaecuador.org\/justiciamigrante\/wp-content\/uploads\/2021\/04\/3-4-scaled.jpg 2048w\" sizes=\"auto, (max-width: 819px) 100vw, 819px\" \/><\/a><\/figure><\/li><li class=\"blocks-gallery-item\"><figure><a href=\"https:\/\/geografiacriticaecuador.org\/justiciamigrante\/wp-content\/uploads\/2021\/04\/4-4-scaled.jpg\"><img loading=\"lazy\" decoding=\"async\" width=\"819\" height=\"1024\" src=\"https:\/\/geografiacriticaecuador.org\/justiciamigrante\/wp-content\/uploads\/2021\/04\/4-4-819x1024.jpg\" alt=\"\" data-id=\"272\" data-full-url=\"https:\/\/geografiacriticaecuador.org\/justiciamigrante\/wp-content\/uploads\/2021\/04\/4-4-scaled.jpg\" data-link=\"https:\/\/geografiacriticaecuador.org\/justiciamigrante\/infografias\/8-salud-en-pandemia\/4-4\/\" class=\"wp-image-272\" srcset=\"https:\/\/geografiacriticaecuador.org\/justiciamigrante\/wp-content\/uploads\/2021\/04\/4-4-819x1024.jpg 819w, https:\/\/geografiacriticaecuador.org\/justiciamigrante\/wp-content\/uploads\/2021\/04\/4-4-240x300.jpg 240w, https:\/\/geografiacriticaecuador.org\/justiciamigrante\/wp-content\/uploads\/2021\/04\/4-4-768x960.jpg 768w, https:\/\/geografiacriticaecuador.org\/justiciamigrante\/wp-content\/uploads\/2021\/04\/4-4-1229x1536.jpg 1229w, https:\/\/geografiacriticaecuador.org\/justiciamigrante\/wp-content\/uploads\/2021\/04\/4-4-1638x2048.jpg 1638w, https:\/\/geografiacriticaecuador.org\/justiciamigrante\/wp-content\/uploads\/2021\/04\/4-4-1024x1280.jpg 1024w, https:\/\/geografiacriticaecuador.org\/justiciamigrante\/wp-content\/uploads\/2021\/04\/4-4-scaled.jpg 2048w\" sizes=\"auto, (max-width: 819px) 100vw, 819px\" \/><\/a><\/figure><\/li><\/ul><\/figure>\n","protected":false},"excerpt":{"rendered":"<p>Infograf\u00eda que muestra c\u00f3mo el acceso a la salud se ha deteriorado para la poblaci\u00f3n<\/p>\n","protected":false},"author":1,"featured_media":0,"parent":11,"menu_order":5,"comment_status":"closed","ping_status":"closed","template":"","meta":{"nf_dc_page":"","footnotes":""},"class_list":["post-51","page","type-page","status-publish","hentry"],"_links":{"self":[{"href":"https:\/\/geografiacriticaecuador.org\/justiciamigrante\/wp-json\/wp\/v2\/pages\/51","targetHints":{"allow":["GET"]}}],"collection":[{"href":"https:\/\/geografiacriticaecuador.org\/justiciamigrante\/wp-json\/wp\/v2\/pages"}],"about":[{"href":"https:\/\/geografiacriticaecuador.org\/justiciamigrante\/wp-json\/wp\/v2\/types\/page"}],"author":[{"embeddable":true,"href":"https:\/\/geografiacriticaecuador.org\/justiciamigrante\/wp-json\/wp\/v2\/users\/1"}],"replies":[{"embeddable":true,"href":"https:\/\/geografiacriticaecuador.org\/justiciamigrante\/wp-json\/wp\/v2\/comments?post=51"}],"version-history":[{"count":3,"href":"https:\/\/geografiacriticaecuador.org\/justiciamigrante\/wp-json\/wp\/v2\/pages\/51\/revisions"}],"predecessor-version":[{"id":274,"href":"https:\/\/geografiacriticaecuador.org\/justiciamigrante\/wp-json\/wp\/v2\/pages\/51\/revisions\/274"}],"up":[{"embeddable":true,"href":"https:\/\/geografiacriticaecuador.org\/justiciamigrante\/wp-json\/wp\/v2\/pages\/11"}],"wp:attachment":[{"href":"https:\/\/geografiacriticaecuador.org\/justiciamigrante\/wp-json\/wp\/v2\/media?parent=51"}],"curies":[{"name":"wp","href":"https:\/\/api.w.org\/{rel}","templated":true}]}}

<p>Infografía que muestra cómo el acceso a la salud se ha deteriorado para la población en situación de movilidad humana durante la pandemia.</p>



<div class="wp-block-file"><a href="https://geografiacriticaecuador.org/justiciamigrante/wp-content/uploads/2021/04/05-SALUD.pdf">Salud discriminada que se agrava en la pandemia</a><a href="https://geografiacriticaecuador.org/justiciamigrante/wp-content/uploads/2021/04/05-SALUD.pdf" class="wp-block-file__button" download>Descarga PDF a gran tamaño</a></div>



<figure class="wp-block-gallery columns-1 is-cropped wp-block-gallery-1 is-layout-flex wp-block-gallery-is-layout-flex"><ul class="blocks-gallery-grid"><li class="blocks-gallery-item"><figure><a href="https://geografiacriticaecuador.org/justiciamigrante/wp-content/uploads/2021/04/1-4-scaled.jpg"><img loading="lazy" decoding="async" width="819" height="1024" src="https://geografiacriticaecuador.org/justiciamigrante/wp-content/uploads/2021/04/1-4-819x1024.jpg" alt="" data-id="248" data-full-url="https://geografiacriticaecuador.org/justiciamigrante/wp-content/uploads/2021/04/1-4-scaled.jpg" data-link="https://geografiacriticaecuador.org/justiciamigrante/1-4/" class="wp-image-248" srcset="https://geografiacriticaecuador.org/justiciamigrante/wp-content/uploads/2021/04/1-4-819x1024.jpg 819w, https://geografiacriticaecuador.org/justiciamigrante/wp-content/uploads/2021/04/1-4-240x300.jpg 240w, https://geografiacriticaecuador.org/justiciamigrante/wp-content/uploads/2021/04/1-4-768x960.jpg 768w, https://geografiacriticaecuador.org/justiciamigrante/wp-content/uploads/2021/04/1-4-1229x1536.jpg 1229w, https://geografiacriticaecuador.org/justiciamigrante/wp-content/uploads/2021/04/1-4-scaled.jpg 2048w" sizes="auto, (max-width: 819px) 100vw, 819px" /></a></figure></li><li class="blocks-gallery-item"><figure><a href="https://geografiacriticaecuador.org/justiciamigrante/wp-content/uploads/2021/04/2-4-scaled.jpg"><img loading="lazy" decoding="async" width="819" height="1024" src="https://geografiacriticaecuador.org/justiciamigrante/wp-content/uploads/2021/04/2-4-819x1024.jpg" alt="" data-id="249" data-full-url="https://geografiacriticaecuador.org/justiciamigrante/wp-content/uploads/2021/04/2-4-scaled.jpg" data-link="https://geografiacriticaecuador.org/justiciamigrante/2-4/" class="wp-image-249" srcset="https://geografiacriticaecuador.org/justiciamigrante/wp-content/uploads/2021/04/2-4-819x1024.jpg 819w, https://geografiacriticaecuador.org/justiciamigrante/wp-content/uploads/2021/04/2-4-240x300.jpg 240w, https://geografiacriticaecuador.org/justiciamigrante/wp-content/uploads/2021/04/2-4-768x960.jpg 768w, https://geografiacriticaecuador.org/justiciamigrante/wp-content/uploads/2021/04/2-4-1229x1536.jpg 1229w, https://geografiacriticaecuador.org/justiciamigrante/wp-content/uploads/2021/04/2-4-scaled.jpg 2048w" sizes="auto, (max-width: 819px) 100vw, 819px" /></a></figure></li><li class="blocks-gallery-item"><figure><a href="https://geografiacriticaecuador.org/justiciamigrante/wp-content/uploads/2021/04/3-4-scaled.jpg"><img loading="lazy" decoding="async" width="819" height="1024" src="https://geografiacriticaecuador.org/justiciamigrante/wp-content/uploads/2021/04/3-4-819x1024.jpg" alt="" data-id="250" data-full-url="https://geografiacriticaecuador.org/justiciamigrante/wp-content/uploads/2021/04/3-4-scaled.jpg" data-link="https://geografiacriticaecuador.org/justiciamigrante/3-3/" class="wp-image-250" srcset="https://geografiacriticaecuador.org/justiciamigrante/wp-content/uploads/2021/04/3-4-819x1024.jpg 819w, https://geografiacriticaecuador.org/justiciamigrante/wp-content/uploads/2021/04/3-4-240x300.jpg 240w, https://geografiacriticaecuador.org/justiciamigrante/wp-content/uploads/2021/04/3-4-768x960.jpg 768w, https://geografiacriticaecuador.org/justiciamigrante/wp-content/uploads/2021/04/3-4-1229x1536.jpg 1229w, https://geografiacriticaecuador.org/justiciamigrante/wp-content/uploads/2021/04/3-4-scaled.jpg 2048w" sizes="auto, (max-width: 819px) 100vw, 819px" /></a></figure></li><li class="blocks-gallery-item"><figure><a href="https://geografiacriticaecuador.org/justiciamigrante/wp-content/uploads/2021/04/4-4-scaled.jpg"><img loading="lazy" decoding="async" width="819" height="1024" src="https://geografiacriticaecuador.org/justiciamigrante/wp-content/uploads/2021/04/4-4-819x1024.jpg" alt="" data-id="272" data-full-url="https://geografiacriticaecuador.org/justiciamigrante/wp-content/uploads/2021/04/4-4-scaled.jpg" data-link="https://geografiacriticaecuador.org/justiciamigrante/infografias/8-salud-en-pandemia/4-4/" class="wp-image-272" srcset="https://geografiacriticaecuador.org/justiciamigrante/wp-content/uploads/2021/04/4-4-819x1024.jpg 819w, https://geografiacriticaecuador.org/justiciamigrante/wp-content/uploads/2021/04/4-4-240x300.jpg 240w, https://geografiacriticaecuador.org/justiciamigrante/wp-content/uploads/2021/04/4-4-768x960.jpg 768w, https://geografiacriticaecuador.org/justiciamigrante/wp-content/uploads/2021/04/4-4-1229x1536.jpg 1229w, https://geografiacriticaecuador.org/justiciamigrante/wp-content/uploads/2021/04/4-4-1638x2048.jpg 1638w, https://geografiacriticaecuador.org/justiciamigrante/wp-content/uploads/2021/04/4-4-1024x1280.jpg 1024w, https://geografiacriticaecuador.org/justiciamigrante/wp-content/uploads/2021/04/4-4-scaled.jpg 2048w" sizes="auto, (max-width: 819px) 100vw, 819px" /></a></figure></li></ul></figure>

<p>Infografía que muestra cómo el acceso a la salud se ha deteriorado para la población</p>
