{"id":60,"date":"2021-04-06T17:22:46","date_gmt":"2021-04-06T17:22:46","guid":{"rendered":"https:\/\/geografiacriticaecuador.org\/justiciamigrante\/?page_id=60"},"modified":"2021-04-09T13:44:22","modified_gmt":"2021-04-09T13:44:22","slug":"12-cronograma-diaspora","status":"publish","type":"page","link":"https:\/\/geografiacriticaecuador.org\/justiciamigrante\/infografias\/12-cronograma-diaspora\/","title":{"rendered":"12. Cronograma: di\u00e1spora"},"content":{"rendered":"\n<p>Infograf\u00eda como L\u00ednea del Tiempo de los principales eventos de los \u00faltimas d\u00e9cadas en relaci\u00f3n a la di\u00e1spora ecuatoriana en el exterior.<\/p>\n\n\n\n<div class=\"wp-block-file\"><a href=\"https:\/\/geografiacriticaecuador.org\/justiciamigrante\/wp-content\/uploads\/2021\/04\/Infografia-Diaspora-1.pdf\">Cinco d\u00e9cadas de la continuidad crisis y migraci\u00f3n ecuatoriana<\/a><a href=\"https:\/\/geografiacriticaecuador.org\/justiciamigrante\/wp-content\/uploads\/2021\/04\/Infografia-Diaspora-1.pdf\" class=\"wp-block-file__button\" download>Descarga PDF a gran tama\u00f1o<\/a><\/div>\n\n\n\n<figure class=\"wp-block-image size-large\"><img decoding=\"async\" src=\"https:\/\/geografiacriticaecuador.org\/justiciamigrante\/wp-content\/uploads\/2021\/04\/Infografia-Diaspora-1.jpg\" alt=\"\" class=\"wp-image-171\"\/><\/figure>\n","protected":false},"excerpt":{"rendered":"<p>Infograf\u00eda como L\u00ednea del Tiempo de los principales eventos de los \u00faltimas d\u00e9cadas en relaci\u00f3n<\/p>\n","protected":false},"author":1,"featured_media":0,"parent":11,"menu_order":12,"comment_status":"closed","ping_status":"closed","template":"","meta":{"nf_dc_page":"","footnotes":""},"class_list":["post-60","page","type-page","status-publish","hentry"],"_links":{"self":[{"href":"https:\/\/geografiacriticaecuador.org\/justiciamigrante\/wp-json\/wp\/v2\/pages\/60","targetHints":{"allow":["GET"]}}],"collection":[{"href":"https:\/\/geografiacriticaecuador.org\/justiciamigrante\/wp-json\/wp\/v2\/pages"}],"about":[{"href":"https:\/\/geografiacriticaecuador.org\/justiciamigrante\/wp-json\/wp\/v2\/types\/page"}],"author":[{"embeddable":true,"href":"https:\/\/geografiacriticaecuador.org\/justiciamigrante\/wp-json\/wp\/v2\/users\/1"}],"replies":[{"embeddable":true,"href":"https:\/\/geografiacriticaecuador.org\/justiciamigrante\/wp-json\/wp\/v2\/comments?post=60"}],"version-history":[{"count":2,"href":"https:\/\/geografiacriticaecuador.org\/justiciamigrante\/wp-json\/wp\/v2\/pages\/60\/revisions"}],"predecessor-version":[{"id":189,"href":"https:\/\/geografiacriticaecuador.org\/justiciamigrante\/wp-json\/wp\/v2\/pages\/60\/revisions\/189"}],"up":[{"embeddable":true,"href":"https:\/\/geografiacriticaecuador.org\/justiciamigrante\/wp-json\/wp\/v2\/pages\/11"}],"wp:attachment":[{"href":"https:\/\/geografiacriticaecuador.org\/justiciamigrante\/wp-json\/wp\/v2\/media?parent=60"}],"curies":[{"name":"wp","href":"https:\/\/api.w.org\/{rel}","templated":true}]}}

12. Cronograma: diáspora

<p>Infografía como Línea del Tiempo de los principales eventos de los últimas décadas en relación a la diáspora ecuatoriana en el exterior.</p>



<div class="wp-block-file"><a href="https://geografiacriticaecuador.org/justiciamigrante/wp-content/uploads/2021/04/Infografia-Diaspora-1.pdf">Cinco décadas de la continuidad crisis y migración ecuatoriana</a><a href="https://geografiacriticaecuador.org/justiciamigrante/wp-content/uploads/2021/04/Infografia-Diaspora-1.pdf" class="wp-block-file__button" download>Descarga PDF a gran tamaño</a></div>



<figure class="wp-block-image size-large"><img decoding="async" src="https://geografiacriticaecuador.org/justiciamigrante/wp-content/uploads/2021/04/Infografia-Diaspora-1.jpg" alt="" class="wp-image-171"/></figure>

<p>Infografía como Línea del Tiempo de los principales eventos de los últimas décadas en relación</p>
