{"id":62,"date":"2021-04-06T17:23:19","date_gmt":"2021-04-06T17:23:19","guid":{"rendered":"https:\/\/geografiacriticaecuador.org\/justiciamigrante\/?page_id=62"},"modified":"2021-04-09T12:59:14","modified_gmt":"2021-04-09T12:59:14","slug":"13-diaspora-en-pandemia","status":"publish","type":"page","link":"https:\/\/geografiacriticaecuador.org\/justiciamigrante\/infografias\/13-diaspora-en-pandemia\/","title":{"rendered":"13: Di\u00e1spora en pandemia"},"content":{"rendered":"\n<p>Infograf\u00eda que compara c\u00f3mo ha sido la pandemia para los y las migrantes en Estados Unidos, Italia y Espa\u00f1a.<\/p>\n\n\n\n<div class=\"wp-block-file\"><a href=\"https:\/\/geografiacriticaecuador.org\/justiciamigrante\/wp-content\/uploads\/2021\/04\/Infografia-Diaspora-2.pdf\">Contrastes y similitudes de la vida migrante en el presente<\/a><a href=\"https:\/\/geografiacriticaecuador.org\/justiciamigrante\/wp-content\/uploads\/2021\/04\/Infografia-Diaspora-2.pdf\" class=\"wp-block-file__button\" download>Descarga PDF a gran tama\u00f1o<\/a><\/div>\n\n\n\n<figure class=\"wp-block-image size-large is-resized\"><img loading=\"lazy\" decoding=\"async\" src=\"https:\/\/geografiacriticaecuador.org\/justiciamigrante\/wp-content\/uploads\/2021\/04\/Infografia-Diaspora-2-370x1024.jpg\" alt=\"\" class=\"wp-image-173\" width=\"395\" height=\"1092\" srcset=\"https:\/\/geografiacriticaecuador.org\/justiciamigrante\/wp-content\/uploads\/2021\/04\/Infografia-Diaspora-2-370x1024.jpg 370w, https:\/\/geografiacriticaecuador.org\/justiciamigrante\/wp-content\/uploads\/2021\/04\/Infografia-Diaspora-2-108x300.jpg 108w, https:\/\/geografiacriticaecuador.org\/justiciamigrante\/wp-content\/uploads\/2021\/04\/Infografia-Diaspora-2-768x2125.jpg 768w, https:\/\/geografiacriticaecuador.org\/justiciamigrante\/wp-content\/uploads\/2021\/04\/Infografia-Diaspora-2-555x1536.jpg 555w, https:\/\/geografiacriticaecuador.org\/justiciamigrante\/wp-content\/uploads\/2021\/04\/Infografia-Diaspora-2-740x2048.jpg 740w, https:\/\/geografiacriticaecuador.org\/justiciamigrante\/wp-content\/uploads\/2021\/04\/Infografia-Diaspora-2.jpg 925w\" sizes=\"auto, (max-width: 395px) 100vw, 395px\" \/><\/figure>\n","protected":false},"excerpt":{"rendered":"<p>Infograf\u00eda que compara c\u00f3mo ha sido la pandemia para los y las migrantes en Estados<\/p>\n","protected":false},"author":1,"featured_media":0,"parent":11,"menu_order":13,"comment_status":"closed","ping_status":"closed","template":"","meta":{"nf_dc_page":"","footnotes":""},"class_list":["post-62","page","type-page","status-publish","hentry"],"_links":{"self":[{"href":"https:\/\/geografiacriticaecuador.org\/justiciamigrante\/wp-json\/wp\/v2\/pages\/62","targetHints":{"allow":["GET"]}}],"collection":[{"href":"https:\/\/geografiacriticaecuador.org\/justiciamigrante\/wp-json\/wp\/v2\/pages"}],"about":[{"href":"https:\/\/geografiacriticaecuador.org\/justiciamigrante\/wp-json\/wp\/v2\/types\/page"}],"author":[{"embeddable":true,"href":"https:\/\/geografiacriticaecuador.org\/justiciamigrante\/wp-json\/wp\/v2\/users\/1"}],"replies":[{"embeddable":true,"href":"https:\/\/geografiacriticaecuador.org\/justiciamigrante\/wp-json\/wp\/v2\/comments?post=62"}],"version-history":[{"count":3,"href":"https:\/\/geografiacriticaecuador.org\/justiciamigrante\/wp-json\/wp\/v2\/pages\/62\/revisions"}],"predecessor-version":[{"id":187,"href":"https:\/\/geografiacriticaecuador.org\/justiciamigrante\/wp-json\/wp\/v2\/pages\/62\/revisions\/187"}],"up":[{"embeddable":true,"href":"https:\/\/geografiacriticaecuador.org\/justiciamigrante\/wp-json\/wp\/v2\/pages\/11"}],"wp:attachment":[{"href":"https:\/\/geografiacriticaecuador.org\/justiciamigrante\/wp-json\/wp\/v2\/media?parent=62"}],"curies":[{"name":"wp","href":"https:\/\/api.w.org\/{rel}","templated":true}]}}

13: Diáspora en pandemia

<p>Infografía que compara cómo ha sido la pandemia para los y las migrantes en Estados Unidos, Italia y España.</p>



<div class="wp-block-file"><a href="https://geografiacriticaecuador.org/justiciamigrante/wp-content/uploads/2021/04/Infografia-Diaspora-2.pdf">Contrastes y similitudes de la vida migrante en el presente</a><a href="https://geografiacriticaecuador.org/justiciamigrante/wp-content/uploads/2021/04/Infografia-Diaspora-2.pdf" class="wp-block-file__button" download>Descarga PDF a gran tamaño</a></div>



<figure class="wp-block-image size-large is-resized"><img loading="lazy" decoding="async" src="https://geografiacriticaecuador.org/justiciamigrante/wp-content/uploads/2021/04/Infografia-Diaspora-2-370x1024.jpg" alt="" class="wp-image-173" width="395" height="1092" srcset="https://geografiacriticaecuador.org/justiciamigrante/wp-content/uploads/2021/04/Infografia-Diaspora-2-370x1024.jpg 370w, https://geografiacriticaecuador.org/justiciamigrante/wp-content/uploads/2021/04/Infografia-Diaspora-2-108x300.jpg 108w, https://geografiacriticaecuador.org/justiciamigrante/wp-content/uploads/2021/04/Infografia-Diaspora-2-768x2125.jpg 768w, https://geografiacriticaecuador.org/justiciamigrante/wp-content/uploads/2021/04/Infografia-Diaspora-2-555x1536.jpg 555w, https://geografiacriticaecuador.org/justiciamigrante/wp-content/uploads/2021/04/Infografia-Diaspora-2-740x2048.jpg 740w, https://geografiacriticaecuador.org/justiciamigrante/wp-content/uploads/2021/04/Infografia-Diaspora-2.jpg 925w" sizes="auto, (max-width: 395px) 100vw, 395px" /></figure>

<p>Infografía que compara cómo ha sido la pandemia para los y las migrantes en Estados</p>
