{"id":9,"date":"2021-04-06T16:40:19","date_gmt":"2021-04-06T16:40:19","guid":{"rendered":"https:\/\/geografiacriticaecuador.org\/justiciamigrante\/?page_id=9"},"modified":"2021-04-08T10:22:56","modified_gmt":"2021-04-08T10:22:56","slug":"cartillas","status":"publish","type":"page","link":"https:\/\/geografiacriticaecuador.org\/justiciamigrante\/cartillas\/","title":{"rendered":"Cartillas (5)"},"content":{"rendered":"\n<ul class=\"wp-block-list\"><li><a href=\"https:\/\/geografiacriticaecuador.org\/justiciamigrante\/cartillas\/cartilla-1-situacion-de-discriminacion\/\" data-type=\"page\" data-id=\"20\">Entre la discriminaci\u00f3n y la indolencia: una aproximaci\u00f3n a la inmigraci\u00f3n en Ecuador.<\/a><\/li><li><a href=\"https:\/\/geografiacriticaecuador.org\/justiciamigrante\/cartillas\/cartilla-2-migrantes-irregularizados-en-ecuador\/\" data-type=\"page\" data-id=\"22\">Migrantes irregularizados en Ecuador.<\/a><\/li><li><a href=\"https:\/\/geografiacriticaecuador.org\/justiciamigrante\/cartillas\/cartilla-3-ser-inmigrante-en-ecuador-en-tiempos-de-covid-19\/\" data-type=\"page\" data-id=\"24\">Ser inmigrante en Ecuador en tiempos de COVID-19.<\/a><\/li><li><a href=\"https:\/\/geografiacriticaecuador.org\/justiciamigrante\/cartillas\/cartilla-4-desproteccion-a-las-personas-refugiadas-en-ecuador\/\" data-type=\"page\" data-id=\"26\">(Des)Protecci\u00f3n a las personas refugiadas en Ecuador.<\/a><\/li><li><a href=\"https:\/\/geografiacriticaecuador.org\/justiciamigrante\/cartillas\/cartilla-5-la-diaspora-ecuatoriana-al-presente\/\" data-type=\"page\" data-id=\"28\">(Sobre)viviendo entre Crisis: la di\u00e1spora ecuatoriana al presente<\/a><\/li><\/ul>\n","protected":false},"excerpt":{"rendered":"<p>Entre la discriminaci\u00f3n y la indolencia: una aproximaci\u00f3n a la inmigraci\u00f3n en Ecuador. Migrantes irregularizados<\/p>\n","protected":false},"author":1,"featured_media":0,"parent":0,"menu_order":0,"comment_status":"closed","ping_status":"closed","template":"","meta":{"nf_dc_page":"","footnotes":""},"class_list":["post-9","page","type-page","status-publish","hentry"],"_links":{"self":[{"href":"https:\/\/geografiacriticaecuador.org\/justiciamigrante\/wp-json\/wp\/v2\/pages\/9","targetHints":{"allow":["GET"]}}],"collection":[{"href":"https:\/\/geografiacriticaecuador.org\/justiciamigrante\/wp-json\/wp\/v2\/pages"}],"about":[{"href":"https:\/\/geografiacriticaecuador.org\/justiciamigrante\/wp-json\/wp\/v2\/types\/page"}],"author":[{"embeddable":true,"href":"https:\/\/geografiacriticaecuador.org\/justiciamigrante\/wp-json\/wp\/v2\/users\/1"}],"replies":[{"embeddable":true,"href":"https:\/\/geografiacriticaecuador.org\/justiciamigrante\/wp-json\/wp\/v2\/comments?post=9"}],"version-history":[{"count":3,"href":"https:\/\/geografiacriticaecuador.org\/justiciamigrante\/wp-json\/wp\/v2\/pages\/9\/revisions"}],"predecessor-version":[{"id":169,"href":"https:\/\/geografiacriticaecuador.org\/justiciamigrante\/wp-json\/wp\/v2\/pages\/9\/revisions\/169"}],"wp:attachment":[{"href":"https:\/\/geografiacriticaecuador.org\/justiciamigrante\/wp-json\/wp\/v2\/media?parent=9"}],"curies":[{"name":"wp","href":"https:\/\/api.w.org\/{rel}","templated":true}]}}

<ul class="wp-block-list"><li><a href="https://geografiacriticaecuador.org/justiciamigrante/cartillas/cartilla-1-situacion-de-discriminacion/" data-type="page" data-id="20">Entre la discriminación y la indolencia: una aproximación a la inmigración en Ecuador.</a></li><li><a href="https://geografiacriticaecuador.org/justiciamigrante/cartillas/cartilla-2-migrantes-irregularizados-en-ecuador/" data-type="page" data-id="22">Migrantes irregularizados en Ecuador.</a></li><li><a href="https://geografiacriticaecuador.org/justiciamigrante/cartillas/cartilla-3-ser-inmigrante-en-ecuador-en-tiempos-de-covid-19/" data-type="page" data-id="24">Ser inmigrante en Ecuador en tiempos de COVID-19.</a></li><li><a href="https://geografiacriticaecuador.org/justiciamigrante/cartillas/cartilla-4-desproteccion-a-las-personas-refugiadas-en-ecuador/" data-type="page" data-id="26">(Des)Protección a las personas refugiadas en Ecuador.</a></li><li><a href="https://geografiacriticaecuador.org/justiciamigrante/cartillas/cartilla-5-la-diaspora-ecuatoriana-al-presente/" data-type="page" data-id="28">(Sobre)viviendo entre Crisis: la diáspora ecuatoriana al presente</a></li></ul>

<p>Entre la discriminación y la indolencia: una aproximación a la inmigración en Ecuador. Migrantes irregularizados</p>
