{"id":27,"date":"2021-03-31T19:10:05","date_gmt":"2021-03-31T19:10:05","guid":{"rendered":"https:\/\/geografiacriticaecuador.org\/pukallpa\/?page_id=27"},"modified":"2021-03-31T19:36:37","modified_gmt":"2021-03-31T19:36:37","slug":"sobre-pukallpa","status":"publish","type":"page","link":"https:\/\/geografiacriticaecuador.org\/pukallpa\/sobre-pukallpa\/","title":{"rendered":"Sobre Pukallpa"},"content":{"rendered":"\n<p>Pukallpa es tierra roja, territorio en resistencia. Queremos que la cartograf\u00eda que realizamos tenga fines pedag\u00f3gicos, que permitan ser una fuente de conocimiento sobre los planes de expropiaci\u00f3n por parte de empresas extractivas, pero tambi\u00e9n que visibiliza los mundos que est\u00e1n en marcha. Como Colectivo hace tiempo que queremos generar un GeoPortal que cumpla estas herramientas, que permita GeoVisores sencillos para navegar hasta el territorio propio o los territorios afectivos para cada quien.<\/p>\n\n\n\n<p>Pukallpa es el resultado de esta b\u00fasqueda, en el que paulatinamente hemos ido desechando plataformas como GoogleMaps o ESRI por su tratamiento de la informaci\u00f3n como propiedad, y hemos ido transitando hacia plataformas como OpenStreetMaps o QGIS que son herramientas colaborativas que son de la red, y permiten alojar datos de forma segura y sin que hagamos crecer a las grandes empresas que venden nuestra informaci\u00f3n.<\/p>\n\n\n\n<p>En esta p\u00e1gina queremos contarles algunos de los aprendizajes que hemos realizado hasta el momento, el tipo de utilidad de diferentes plataformas, y que sea un espacio abierto para compartir conocimientos sobre geoportales.<\/p>\n\n\n\n<ul class=\"wp-block-list\"><li>UMAP: es la primera herramienta que hemos utilizado, se aloja bajo OpenStreetMaps y tiene la ventaja de que es realmente sencillo alojar mapas editando los puntos, y a\u00f1adir informaci\u00f3n de texto, links y fotograf\u00edas. Es ideal para pocos puntos que son subidos por personas sin conocimientos en SIG. Tambi\u00e9n permite subir shapes, pero no traslada los campos de las shapes, y por tanto es poco manejable est\u00e9ticamente. Un ejemplo de UMAP es el mapa de la Minka Cient\u00edfica por el Yasun\u00ed: <a rel=\"noreferrer noopener\" href=\"https:\/\/umap.openstreetmap.fr\/es\/map\/el-1x1000-en-el-yasuni_445707#12\/-0.8897\/-75.5750\" target=\"_blank\">https:\/\/umap.openstreetmap.fr\/es\/map\/el-1&#215;1000-en-el-yasuni_445707#12\/-0.8897\/-75.5750 <\/a><\/li><li>QGIS cloud: en la b\u00fasqueda de mayor complejidad cartogr\u00e1fica, encontramos esta herramienta ideal para personas que saben utilizar programas para realizar cartograf\u00eda, ya que permite ir subiendo en espejo la informaci\u00f3n a un geovisor tambi\u00e9n alojado en OpenStreetMaps. Es una extensi\u00f3n de QGIS por lo que se puede descargar todo de forma sencilla y gratuita. Su limitaci\u00f3n es la est\u00e9tica, pero es ideal para procesos de educaci\u00f3n remota en SIG. Un ejemplo de QGIScloud es esta cartograf\u00eda que compila datos extractivos: <a rel=\"noreferrer noopener\" href=\"https:\/\/qgiscloud.com\/GeoColectivo\/GeoCritica_Ec_\" target=\"_blank\">https:\/\/qgiscloud.com\/GeoColectivo\/GeoCritica_Ec_<\/a><\/li><li>CARTO:  Tambi\u00e9n se aloja sobre OpenStreetMaps, y tiene la mejor est\u00e9tica de los anteriores, y es el portal m\u00e1s avanzado del que hemos aprendido hasta el momento. Permite programar en HTML muchos detalles, aunque eso lo hace m\u00e1s complicado. Permite visualizar mucha informaci\u00f3n y ser una herramienta m\u00e1s est\u00e9tica para poder ver en detalle shapes con mucha informaci\u00f3n. Tiene el limitante de que es una plataforma de pago, pero tiene grants para organizaciones sociales. Un ejemplo de Carto es este geovisor de la miner\u00eda sobre territorios ind\u00edgenas en Ecuador: <a rel=\"noreferrer noopener\" href=\"https:\/\/geocriticaec.carto.com\/builder\/50526535-02dc-4bc2-9bd7-4378d9d05d18\/embed\" target=\"_blank\">https:\/\/geocriticaec.carto.com\/builder\/50526535-02dc-4bc2-9bd7-4378d9d05d18\/embed<\/a> <\/li><\/ul>\n\n\n\n<p>A medida que encontremos m\u00e1s aprendizajes, l\u00edmites y expansiones de las plataformas que vayamos usando, iremos subiendo la informaci\u00f3n a este apartado.<\/p>\n","protected":false},"excerpt":{"rendered":"<p>Pukallpa es tierra roja, territorio en resistencia. Queremos que la cartograf\u00eda que realizamos tenga fines pedag\u00f3gicos, que permitan ser una fuente de conocimiento sobre los planes de expropiaci\u00f3n por parte de empresas<a class=\"moretag\" href=\"https:\/\/geografiacriticaecuador.org\/pukallpa\/sobre-pukallpa\/\">Leer m\u00e1s&#8230;<\/a><\/p>\n","protected":false},"author":1,"featured_media":0,"parent":0,"menu_order":0,"comment_status":"closed","ping_status":"closed","template":"","meta":{"nf_dc_page":"","om_disable_all_campaigns":false,"footnotes":""},"class_list":["post-27","page","type-page","status-publish","hentry"],"jetpack_sharing_enabled":true,"_links":{"self":[{"href":"https:\/\/geografiacriticaecuador.org\/pukallpa\/wp-json\/wp\/v2\/pages\/27","targetHints":{"allow":["GET"]}}],"collection":[{"href":"https:\/\/geografiacriticaecuador.org\/pukallpa\/wp-json\/wp\/v2\/pages"}],"about":[{"href":"https:\/\/geografiacriticaecuador.org\/pukallpa\/wp-json\/wp\/v2\/types\/page"}],"author":[{"embeddable":true,"href":"https:\/\/geografiacriticaecuador.org\/pukallpa\/wp-json\/wp\/v2\/users\/1"}],"replies":[{"embeddable":true,"href":"https:\/\/geografiacriticaecuador.org\/pukallpa\/wp-json\/wp\/v2\/comments?post=27"}],"version-history":[{"count":4,"href":"https:\/\/geografiacriticaecuador.org\/pukallpa\/wp-json\/wp\/v2\/pages\/27\/revisions"}],"predecessor-version":[{"id":31,"href":"https:\/\/geografiacriticaecuador.org\/pukallpa\/wp-json\/wp\/v2\/pages\/27\/revisions\/31"}],"wp:attachment":[{"href":"https:\/\/geografiacriticaecuador.org\/pukallpa\/wp-json\/wp\/v2\/media?parent=27"}],"curies":[{"name":"wp","href":"https:\/\/api.w.org\/{rel}","templated":true}]}}