{"id":31,"date":"2022-06-19T20:12:54","date_gmt":"2022-06-19T20:12:54","guid":{"rendered":"https:\/\/geografiacriticaecuador.org\/violenciaestadoec\/home\/"},"modified":"2022-07-07T16:13:25","modified_gmt":"2022-07-07T16:13:25","slug":"home","status":"publish","type":"page","link":"https:\/\/geografiacriticaecuador.org\/violenciaestadoec\/","title":{"rendered":"Sobre el mapeo"},"content":{"rendered":"\n\n\n\n\n\n\n\n<h6>sobre El mapeo<\/h6>\n\n\n<h2>Monitoreo de la Violencia de Estado en el Paro de Junio de 2022<\/h2>\n\n\n<p>Este mapeo se realiza por el Colectivo de Geograf\u00eda Cr\u00edtica del Ecuador, Kaleidos, Llactalab, Surco Com\u00fan, el Comit\u00e9 de Derechos Humanos de Guayaquil y la Alianza de Derechos Humanos del Ecuador, estamos haciendo un monitoreo de los eventos de violencia estatal en el marco del paro de junio de 2022. Bajo el antecedente del <a rel=\"noreferrer noopener\" href=\"https:\/\/geografiacriticaecuador.org\/2019\/10\/21\/analisis-espacial-de-la-resistencia-protesta-social-y-represion-vividas-en-ecuador-entre-el-7-y-14-de-octubre-de-2019\/\" target=\"_blank\">mapeo del levantamiento ind\u00edgena de octubre de 2019<\/a>, tiene como finalidad visibilizar las actuaciones represivas del Estado ecuatoriano, bajo la esperanza de que la presi\u00f3n del mapeo genere un apego a la legislaci\u00f3n y los derechos humanos, que hasta ahora ha estado ausente.<\/p>\n<p> <\/p><p>\n\n\n<\/p><p>Para sumar eventos al mapeo estamos recogiendo en Twitter, Facebook e Instagram denuncias realizadas bajo el Hashtag #ViolenciaEstatalEC para ir incorporando los hechos de violencia estatal. Esta informaci\u00f3n est\u00e1 siendo enviada a una herramienta de Open Street Maps llamada UMAP, en la que los eventos son categorizados entre moderados, graves, muy graves y extremos.<\/p>\n\n\n\n\n\n<h2>Monitoreo diario: \u00faltimos reportes<\/h2>\n\n\n\n\n<p style=\"font-size: 14px\">Recuento final de represi\u00f3n del Estado, la cifra crece enormemente por la revisi\u00f3n de puntos pendientes en semanas anteriores, y de los \u00faltimos d\u00edas que se dio una represi\u00f3n centrada en Orellana y Azuay.<\/p>\n\n\n<p style=\"font-size: 14px\">La violencia policial y militar se multiplica en Quito, con 2 personas asesinadas y numerosos hechos de violencia extrema como disparos de perdigones y lanzamientos de bombas a la cabeza.<br><\/p>\n\n\n<p style=\"font-size: 14px\">Tercera persona fallecida en el paro en Azuay rodeado de bombas lacrim\u00f3genas. La violencia en Quito da una relativa bajada de acciones por parte del Estado.<br><\/p>\n\n\n\n\n\n\n\n<h2>Env\u00eda tu informaci\u00f3n a #ViolenciaEstadoEC<\/h2>\n\n\n\n<p style=\"text-align: center\">Este mapeo<\/p>\n\n\n\n\n","protected":false},"excerpt":{"rendered":"","protected":false},"author":0,"featured_media":0,"parent":0,"menu_order":0,"comment_status":"closed","ping_status":"closed","template":"","meta":{"nf_dc_page":"","om_disable_all_campaigns":false,"pagelayer_contact_templates":[],"_pagelayer_content":"","footnotes":""},"class_list":["post-31","page","type-page","status-publish","hentry"],"jetpack_sharing_enabled":true,"_links":{"self":[{"href":"https:\/\/geografiacriticaecuador.org\/violenciaestadoec\/wp-json\/wp\/v2\/pages\/31","targetHints":{"allow":["GET"]}}],"collection":[{"href":"https:\/\/geografiacriticaecuador.org\/violenciaestadoec\/wp-json\/wp\/v2\/pages"}],"about":[{"href":"https:\/\/geografiacriticaecuador.org\/violenciaestadoec\/wp-json\/wp\/v2\/types\/page"}],"replies":[{"embeddable":true,"href":"https:\/\/geografiacriticaecuador.org\/violenciaestadoec\/wp-json\/wp\/v2\/comments?post=31"}],"version-history":[{"count":15,"href":"https:\/\/geografiacriticaecuador.org\/violenciaestadoec\/wp-json\/wp\/v2\/pages\/31\/revisions"}],"predecessor-version":[{"id":177,"href":"https:\/\/geografiacriticaecuador.org\/violenciaestadoec\/wp-json\/wp\/v2\/pages\/31\/revisions\/177"}],"wp:attachment":[{"href":"https:\/\/geografiacriticaecuador.org\/violenciaestadoec\/wp-json\/wp\/v2\/media?parent=31"}],"curies":[{"name":"wp","href":"https:\/\/api.w.org\/{rel}","templated":true}]}}

<h6>sobre El mapeo</h6>


<h2>Monitoreo de la Violencia de Estado en el Paro de Junio de 2022</h2>


<p>Este mapeo se realiza por el Colectivo de Geografía Crítica del Ecuador, Kaleidos, Llactalab, Surco Común, el Comité de Derechos Humanos de Guayaquil y la Alianza de Derechos Humanos del Ecuador, estamos haciendo un monitoreo de los eventos de violencia estatal en el marco del paro de junio de 2022. Bajo el antecedente del <a rel="noreferrer noopener" href="https://geografiacriticaecuador.org/2019/10/21/analisis-espacial-de-la-resistencia-protesta-social-y-represion-vividas-en-ecuador-entre-el-7-y-14-de-octubre-de-2019/" target="_blank">mapeo del levantamiento indígena de octubre de 2019</a>, tiene como finalidad visibilizar las actuaciones represivas del Estado ecuatoriano, bajo la esperanza de que la presión del mapeo genere un apego a la legislación y los derechos humanos, que hasta ahora ha estado ausente.</p>
<p> </p><p>


</p><p>Para sumar eventos al mapeo estamos recogiendo en Twitter, Facebook e Instagram denuncias realizadas bajo el Hashtag #ViolenciaEstatalEC para ir incorporando los hechos de violencia estatal. Esta información está siendo enviada a una herramienta de Open Street Maps llamada UMAP, en la que los eventos son categorizados entre moderados, graves, muy graves y extremos.</p>





<h2>Monitoreo diario: últimos reportes</h2>




<p style="font-size: 14px">Recuento final de represión del Estado, la cifra crece enormemente por la revisión de puntos pendientes en semanas anteriores, y de los últimos días que se dio una represión centrada en Orellana y Azuay.</p>


<p style="font-size: 14px">La violencia policial y militar se multiplica en Quito, con 2 personas asesinadas y numerosos hechos de violencia extrema como disparos de perdigones y lanzamientos de bombas a la cabeza.<br></p>


<p style="font-size: 14px">Tercera persona fallecida en el paro en Azuay rodeado de bombas lacrimógenas. La violencia en Quito da una relativa bajada de acciones por parte del Estado.<br></p>







<h2>Envía tu información a #ViolenciaEstadoEC</h2>



<p style="text-align: center">Este mapeo</p>
